{"id":2571,"date":"2011-11-10T04:00:32","date_gmt":"2011-11-10T03:00:32","guid":{"rendered":"http:\/\/asal.noblogs.org\/files\/2011\/11\/Sn\u00edmek-jedn\u00e9-z-ekologick\u00fdch-demonstrac\u00ed-kter\u00e9-v-Teplic\u00edch-prob\u00edhaly-od-11.-11.-1989.-foto_-Archiv-Pavla-\u017d\u00e1\u010dka.jpg"},"modified":"2011-11-10T04:00:32","modified_gmt":"2011-11-10T03:00:32","slug":"snimek-jedne-z-ekologickych-demonstraci-ktere-v-teplicich-probihaly-od-11-11-1989-foto_-archiv-pavla-zacka","status":"inherit","type":"attachment","link":"https:\/\/asal.noblogs.org\/?attachment_id=2571","title":{"rendered":"Sn\u00edmek jedn\u00e9 z ekologick\u00fdch demonstrac\u00ed, kter\u00e9 v Teplic\u00edch prob\u00edhaly od 11. 11. 1989.  foto_ Archiv Pavla \u017d\u00e1\u010dka"},"author":8517,"featured_media":0,"comment_status":"closed","ping_status":"open","template":"","meta":[],"class_list":["post-2571","attachment","type-attachment","status-inherit","hentry"],"description":{"rendered":"<p class=\"attachment\"><a href='https:\/\/asal.noblogs.org\/files\/2011\/11\/Sn\u00edmek-jedn\u00e9-z-ekologick\u00fdch-demonstrac\u00ed-kter\u00e9-v-Teplic\u00edch-prob\u00edhaly-od-11.-11.-1989.-foto_-Archiv-Pavla-\u017d\u00e1\u010dka.jpg'><img loading=\"lazy\" decoding=\"async\" width=\"300\" height=\"202\" src=\"https:\/\/asal.noblogs.org\/files\/2011\/11\/Sn\u00edmek-jedn\u00e9-z-ekologick\u00fdch-demonstrac\u00ed-kter\u00e9-v-Teplic\u00edch-prob\u00edhaly-od-11.-11.-1989.-foto_-Archiv-Pavla-\u017d\u00e1\u010dka-300x202.jpg\" class=\"attachment-medium size-medium\" alt=\"\" srcset=\"https:\/\/asal.noblogs.org\/files\/2011\/11\/Sn\u00edmek-jedn\u00e9-z-ekologick\u00fdch-demonstrac\u00ed-kter\u00e9-v-Teplic\u00edch-prob\u00edhaly-od-11.-11.-1989.-foto_-Archiv-Pavla-\u017d\u00e1\u010dka-300x202.jpg 300w, https:\/\/asal.noblogs.org\/files\/2011\/11\/Sn\u00edmek-jedn\u00e9-z-ekologick\u00fdch-demonstrac\u00ed-kter\u00e9-v-Teplic\u00edch-prob\u00edhaly-od-11.-11.-1989.-foto_-Archiv-Pavla-\u017d\u00e1\u010dka.jpg 460w\" sizes=\"auto, (max-width: 300px) 100vw, 300px\" \/><\/a><\/p>\n"},"caption":{"rendered":""},"alt_text":"","media_type":"image","mime_type":"image\/jpeg","media_details":{"width":460,"height":311,"file":"2011\/11\/Sn\u00edmek-jedn\u00e9-z-ekologick\u00fdch-demonstrac\u00ed-kter\u00e9-v-Teplic\u00edch-prob\u00edhaly-od-11.-11.-1989.-foto_-Archiv-Pavla-\u017d\u00e1\u010dka.jpg","sizes":{"thumbnail":{"file":"Sn\u00edmek-jedn\u00e9-z-ekologick\u00fdch-demonstrac\u00ed-kter\u00e9-v-Teplic\u00edch-prob\u00edhaly-od-11.-11.-1989.-foto_-Archiv-Pavla-\u017d\u00e1\u010dka-150x150.jpg","width":150,"height":150,"mime_type":"image\/jpeg","source_url":"https:\/\/asal.noblogs.org\/files\/2011\/11\/Sn\u00edmek-jedn\u00e9-z-ekologick\u00fdch-demonstrac\u00ed-kter\u00e9-v-Teplic\u00edch-prob\u00edhaly-od-11.-11.-1989.-foto_-Archiv-Pavla-\u017d\u00e1\u010dka-150x150.jpg"},"medium":{"file":"Sn\u00edmek-jedn\u00e9-z-ekologick\u00fdch-demonstrac\u00ed-kter\u00e9-v-Teplic\u00edch-prob\u00edhaly-od-11.-11.-1989.-foto_-Archiv-Pavla-\u017d\u00e1\u010dka-300x202.jpg","width":300,"height":202,"mime_type":"image\/jpeg","source_url":"https:\/\/asal.noblogs.org\/files\/2011\/11\/Sn\u00edmek-jedn\u00e9-z-ekologick\u00fdch-demonstrac\u00ed-kter\u00e9-v-Teplic\u00edch-prob\u00edhaly-od-11.-11.-1989.-foto_-Archiv-Pavla-\u017d\u00e1\u010dka-300x202.jpg"},"full":{"file":"Sn\u00edmek-jedn\u00e9-z-ekologick\u00fdch-demonstrac\u00ed-kter\u00e9-v-Teplic\u00edch-prob\u00edhaly-od-11.-11.-1989.-foto_-Archiv-Pavla-\u017d\u00e1\u010dka.jpg","width":460,"height":311,"mime_type":"image\/jpeg","source_url":"https:\/\/asal.noblogs.org\/files\/2011\/11\/Sn\u00edmek-jedn\u00e9-z-ekologick\u00fdch-demonstrac\u00ed-kter\u00e9-v-Teplic\u00edch-prob\u00edhaly-od-11.-11.-1989.-foto_-Archiv-Pavla-\u017d\u00e1\u010dka.jpg"}},"image_meta":{"aperture":0,"credit":"","camera":"","caption":"","created_timestamp":0,"copyright":"","focal_length":0,"iso":0,"shutter_speed":0,"title":""}},"post":null,"source_url":"https:\/\/asal.noblogs.org\/files\/2011\/11\/Sn\u00edmek-jedn\u00e9-z-ekologick\u00fdch-demonstrac\u00ed-kter\u00e9-v-Teplic\u00edch-prob\u00edhaly-od-11.-11.-1989.-foto_-Archiv-Pavla-\u017d\u00e1\u010dka.jpg","_links":{"self":[{"href":"https:\/\/asal.noblogs.org\/index.php?rest_route=\/wp\/v2\/media\/2571","targetHints":{"allow":["GET"]}}],"collection":[{"href":"https:\/\/asal.noblogs.org\/index.php?rest_route=\/wp\/v2\/media"}],"about":[{"href":"https:\/\/asal.noblogs.org\/index.php?rest_route=\/wp\/v2\/types\/attachment"}],"author":[{"embeddable":true,"href":"https:\/\/asal.noblogs.org\/index.php?rest_route=\/wp\/v2\/users\/8517"}],"replies":[{"embeddable":true,"href":"https:\/\/asal.noblogs.org\/index.php?rest_route=%2Fwp%2Fv2%2Fcomments&post=2571"}]}}

http://asal.noblogs.org/files/2011/11/Snímek-jedné-z-ekologických-demonstrací-které-v-Teplicích-probíhaly-od-11.-11.-1989.-foto_-Archiv-Pavla-Žáčka.jpg

Snímek jedné z ekologických demonstrací, které v Teplicích probíhaly od 11. 11. 1989.  foto_ Archiv Pavla Žáčka

<p class="attachment"><a href='https://asal.noblogs.org/files/2011/11/Snímek-jedné-z-ekologických-demonstrací-které-v-Teplicích-probíhaly-od-11.-11.-1989.-foto_-Archiv-Pavla-Žáčka.jpg'><img loading="lazy" decoding="async" width="300" height="202" src="https://asal.noblogs.org/files/2011/11/Snímek-jedné-z-ekologických-demonstrací-které-v-Teplicích-probíhaly-od-11.-11.-1989.-foto_-Archiv-Pavla-Žáčka-300x202.jpg" class="attachment-medium size-medium" alt="" srcset="https://asal.noblogs.org/files/2011/11/Snímek-jedné-z-ekologických-demonstrací-které-v-Teplicích-probíhaly-od-11.-11.-1989.-foto_-Archiv-Pavla-Žáčka-300x202.jpg 300w, https://asal.noblogs.org/files/2011/11/Snímek-jedné-z-ekologických-demonstrací-které-v-Teplicích-probíhaly-od-11.-11.-1989.-foto_-Archiv-Pavla-Žáčka.jpg 460w" sizes="auto, (max-width: 300px) 100vw, 300px" /></a></p>

2011/11/Snímek-jedné-z-ekologických-demonstrací-které-v-Teplicích-probíhaly-od-11.-11.-1989.-foto_-Archiv-Pavla-Žáčka.jpg

Snímek-jedné-z-ekologických-demonstrací-které-v-Teplicích-probíhaly-od-11.-11.-1989.-foto_-Archiv-Pavla-Žáčka-150x150.jpg

https://asal.noblogs.org/files/2011/11/Snímek-jedné-z-ekologických-demonstrací-které-v-Teplicích-probíhaly-od-11.-11.-1989.-foto_-Archiv-Pavla-Žáčka-150x150.jpg

Snímek-jedné-z-ekologických-demonstrací-které-v-Teplicích-probíhaly-od-11.-11.-1989.-foto_-Archiv-Pavla-Žáčka-300x202.jpg

https://asal.noblogs.org/files/2011/11/Snímek-jedné-z-ekologických-demonstrací-které-v-Teplicích-probíhaly-od-11.-11.-1989.-foto_-Archiv-Pavla-Žáčka-300x202.jpg

Snímek-jedné-z-ekologických-demonstrací-které-v-Teplicích-probíhaly-od-11.-11.-1989.-foto_-Archiv-Pavla-Žáčka.jpg

https://asal.noblogs.org/files/2011/11/Snímek-jedné-z-ekologických-demonstrací-které-v-Teplicích-probíhaly-od-11.-11.-1989.-foto_-Archiv-Pavla-Žáčka.jpg
